ens digit of b?
8
What is the hundreds digit of 774 + (12 + -12 - 9)?
7
Suppose 182*d = 179*d + 2145. What is the tens digit of d?
1
Let s = -1520 + 3054. Suppose -c + 1222 = 4*x, 3*x - s = -2*x + 2*c. What is the units digit of x?
6
Let d(r) = r**2 + 4*r + 127. What is the units digit of d(23)?
8
Suppose -1 = 2*n - 5, -4*j + 5*n = -18. Suppose j - 19 = -4*r. Suppose -f - r + 7 = 0. What is the units digit of f?
4
Let t(l) = 28*l - 54. What is the units digit of t(23)?
0
Suppose -2*n = -0*n + 396. Let m be (-3)/(12/8) - n. Suppose 3*i + 242 = 8*i + 2*d, -m = -4*i - d. What is the units digit of i?
0
What is the units digit of (-110)/(-4)*(-12096)/(-270)?
2
What is the units digit of (-52)/(-260) + 6324/5?
5
Let g(u) = -9*u**3 + 5*u**2 + 16*u - 3. Let k(n) = 8*n**3 - 5*n**2 - 15*n + 4. Let b(x) = 6*g(x) + 7*k(x). What is the hundreds digit of b(6)?
2
Let u(y) = -36*y - 242. What is the tens digit of u(-38)?
2
Suppose 0 = 4*q, -4*q - 1384 = -4*y - q. What is the tens digit of y?
4
Let d(x) = -x**3 + 6*x**2 + 5*x - 1. Suppose 5*y - 5 = n, 5*n + y = 4*n + 7. What is the tens digit of d(n)?
4
Suppose 0 = -6*l + 2*l + 1768. Suppose 0*y + 4*y - l = 2*b, -2*y + 3*b + 223 = 0. What is the units digit of y?
0
Let o = -28 + 17. Let j = 16 + o. Suppose 2*h + 2*h + 2*n - 128 = 0, 0 = -j*n. What is the units digit of h?
2
Suppose 19 = -3*o + 5*p, 4*o - 4*p + 10 = -o. Suppose -3*a - 12 = 4*w, -5*a - 12 = 2*w - 2*a. Suppose 0 = -o*g - w*g + 34. What is the tens digit of g?
1
Suppose -3*n - 85 = 5*s - 0*s, -3*s - 32 = -2*n. Let r = -11 - s. Suppose -6 = -r*t + 33. What is the tens digit of t?
1
Suppose -2*f - 11646 = -3*h, -4*h - 5*f + 13816 + 1735 = 0. What is the thousands digit of h?
3
Let r(i) = i**3 - 9*i**2 + 10*i + 9. Suppose -69 = -9*f + 12. What is the tens digit of r(f)?
9
Suppose -p = -202 - 130. Suppose 3*m - m = 5*t - 415, 4*t = 2*m + p. What is the units digit of t?
3
Suppose -3*y + 450 = -0*y. Suppose y = -6*h + 504. What is the units digit of h?
9
Suppose 2*w + 5*z = -w, -4*w - 3*z = -11. Suppose 0 = k + 2*k + v - 104, 0 = -k + w*v + 24. What is the tens digit of k?
3
Let m(s) = -4*s**2 + 2 + 0 + 2*s**3 + 5*s**2 - 3. Let r be m(1). What is the tens digit of ((-6)/12)/(r/(-68))?
1
Suppose 25 = 5*n, 3*n + 463 + 254 = 4*u. What is the hundreds digit of u - (-4 - (-12)/4 - 0)?
1
Let q(l) = -14*l**2 + l - 10. Let f(p) = 7*p**2 + 5. Let m(o) = 7*f(o) + 3*q(o). What is the tens digit of m(-6)?
3
Let s(w) = w**2 + 2*w - 2. Let i be s(3). Let o(l) = 3*l. Let a be o(i). Let f = a + -20. What is the tens digit of f?
1
Suppose -12*j + 385 + 35 = 0. What is the units digit of j?
5
Let n(w) = 30*w**2 + 37*w + 79. What is the units digit of n(-2)?
5
Suppose -264*t + 2812 = -260*t. What is the units digit of t?
3
Suppose -1183 = -15*k + 437. Suppose -k = -61*r + 57*r. What is the tens digit of r?
2
Let c = -3247 - -4833. What is the units digit of c?
6
Let m be (6*-1)/(3 - 5). What is the units digit of 26 + 21/14*(-2)/m?
5
Suppose 5*u = -3*m + 3*u - 37, -2*u = -3*m - 41. What is the tens digit of ((-194)/12*-2)/(m/(-39))?
9
Let m be (-34)/(-85) - (-84)/(-10). What is the tens digit of (-1)/2 - 252/m?
3
Suppose 0 = 8*w - 950 - 9994. What is the thousands digit of w?
1
Suppose -29 = 5*f + 3*b - 126, 35 = 3*f - 4*b. Suppose f*x - 13*x = 164. What is the tens digit of x?
4
Let v be 621 - (2/4)/((-1)/2). Let u = v + -426. What is the hundreds digit of u?
1
Suppose 19*o = 14*o + 1240. What is the units digit of o?
8
Suppose 0*h - 5*h = 0. Let z(q) = -q**3 + q**2 + 16. What is the tens digit of z(h)?
1
Suppose 0 = -2*b + 2, -8*o - 4*b + 2990 = -6*o. What is the hundreds digit of o?
4
What is the hundreds digit of (-3964)/(-6) + 1/3?
6
Let c(a) = a**2 - 3*a - 4. Let f be c(4). Let n(q) = -6*q + 68. Let r be n(9). Let p = r + f. What is the units digit of p?
4
Suppose 3*w = 4*w - 6. Suppose w*o + t = o + 491, 5*t - 376 = -4*o. What is the units digit of o?
9
Let p = -4 - -7. Suppose 38 = 3*k - k + 2*y, -p*k + 4*y = -36. What is the tens digit of k?
1
Let g = 280 - -839. What is the hundreds digit of g?
1
Let s(g) = -13 + 16 - 2*g + g - 10 + g**2. What is the tens digit of s(-5)?
2
Let z = 48 + -24. Suppose -33 - z = -d. What is the tens digit of d?
5
Let s = -26 - -9. Let f = 5 + s. Let x = f - -16. What is the units digit of x?
4
Let d = 188 + 260. What is the tens digit of d?
4
Suppose t = n - 570, 2*n - 1134 = -4*t + 3*t. What is the units digit of n?
8
Suppose 0 = 150*o - 148*o - 2*m - 6838, -5*m + 6824 = 2*o. What is the hundreds digit of o?
4
Suppose -4*l + 7 = 2*f - l, 4*l = f + 2. Suppose 4*k - 98 = -f*o, -k + 2*k - 27 = -3*o. What is the units digit of k?
4
Let k = -272 - -402. What is the hundreds digit of k?
1
Suppose -2*n = -5*n + 18. What is the units digit of (-3)/(n/422)*-1?
1
Suppose -2*s + 6 = o, -5*o + 11 = 3*s + 2. Suppose -5*r + r = -s*d + 119, 2*r = 2*d - 76. Suppose 6*v - 5*v - d = 0. What is the units digit of v?
3
Suppose 5*i = 3*z - 9, 0 = -4*i + 8*i - 5*z + 15. Suppose i = 5*m - 166 - 124. What is the tens digit of m?
5
Let f = -253 - -585. What is the tens digit of f?
3
Suppose 0 = 5*i - i + 20, 3*v - 3432 = -3*i. What is the hundreds digit of v?
1
Suppose -3*q = -922 - 482. What is the units digit of q?
8
What is the tens digit of -7 + 7 + -6 - -776?
7
Let r = 28 - 8. Suppose 2*y = y + r. What is the units digit of y?
0
Suppose 0*b + 2*b = 8. Suppose -k + 128 = 4*i - 3*k, -5*i - b*k = -134. What is the units digit of i?
0
Suppose 0 = 2*u + 10 - 206. Suppose -h - u = h. What is the tens digit of (-6)/(-14) + (-1547)/h?
3
Let a = -50 - -30. Let v be 8/a + 7/5. What is the tens digit of (-11*v)/(-5 + 4)?
1
What is the units digit of -3 + ((-9)/18)/((-2)/6232)?
5
Let d(m) = -342*m + 290. What is the hundreds digit of d(-3)?
3
Let t = -45 + 108. Let w = t - -33. Suppose 0*r + w = 4*r. What is the tens digit of r?
2
Let n = -295 + 420. What is the hundreds digit of n?
1
Suppose -2*i + 7*i + 20 = -5*f, -2*f - i = 13. Let h(g) = -2*g**3 - 16*g**2 + 7*g - 13. What is the units digit of h(f)?
6
Suppose 2*s = 5645 - 1337. What is the hundreds digit of s?
1
Let s = 29 - 18. Suppose 2*m - 1 + s = -2*o, -o = -4*m + 5. Let k(w) = -w + 3. What is the units digit of k(o)?
8
Suppose -6*n - 12 = -3*n. Let u be n*(22/(-8) - 1). Let b = u - -7. What is the units digit of b?
2
What is the hundreds digit of (6/12)/((-6)/(-3972)) + -7?
3
Suppose -6 = -2*h + 16. Let f be h/33 + (-4)/(-6). Let v(a) = 17*a**3 + a**2 - 1. What is the units digit of v(f)?
7
Let v = -602 - -1016. What is the units digit of v?
4
Suppose -2*w = 3*i + 14, -i = -0*i - 5*w + 16. Let j = i - -60. What is the units digit of j?
4
Let k = 12 - 7. Suppose -1 = q + 2*x - 31, k*q - 150 = 2*x. Suppose 3*g + q + 148 = 4*f, -213 = -5*f - g. What is the units digit of f?
3
Suppose 1365*y - 1357*y = 4064. What is the hundreds digit of y?
5
What is the units digit of 390/((-210)/(-14))*7/2?
1
Suppose -1014 = -3*a + 3570. What is the thousands digit of a?
1
Suppose 0 = 3*q + w - 763, 2*q - 2*w + 83 = 589. Let f = -151 + q. What is the units digit of f?
3
Let u be 6/(-8) - (-9)/12. Suppose u = 5*p + 15, -2*w + 7*w - 40 = 5*p. Suppose w*x - 196 = -3*m, 0*x + m - 78 = -2*x. What is the tens digit of x?
3
Let r(y) = 4*y**2 + 30*y - 4. Let i(k) = 5*k**2 + 34*k - 4. Let u(n) = -5*i(n) + 6*r(n). Let g(t) = -3*t - 7. Let w be g(-5). What is the tens digit of u(w)?
1
Suppose -y + j = -5, 3 = y - 2*j - 4. Suppose 303 = y*l + 90. What is the tens digit of l?
7
What is the hundreds digit of -4 + 4/(-3 + 1015/335)?
1
Suppose 0 = 5*n - 2*n + p + 20, 3*n = 3*p. What is the tens digit of 26/4 + n + 70/4?
1
Let z = -40 + 42. Suppose -z*y - 7 = -17. What is the units digit of y?
5
Suppose 5*o - 2 - 20 = 3*l, 3*l + 12 = 3*o. Let w(y) = 7*y - 1. Let j be w(o). Suppose 3*v + 4*b - j = 0, 8*v - 3*v = -3*b + 64. What is the tens digit of v?
1
Let n = 93 + -273. Let u = -61 - n. What is the tens digit of u?
1
Let l = 227 - 41. What is the units digit of l?
6
Suppose 3*j + 6*j - 36 = 0. Let g(o) = o**3 + 3*o**2. What is the units digit of g(j)?
2
Let n = -3 + 8. Let v(s) = s + 6. Let d(j) = -1. Let w(t) = 3*d(t) + v(t). What is the units digit of w(n)?
8
Let x = -26 + 14. Let y(h) = 2*h**2 - 5*h + 1. Let j be y(3). Let q = j